{"id":29,"date":"2023-09-11T21:39:04","date_gmt":"2023-09-11T21:39:04","guid":{"rendered":"http:\/\/h562762.web290.dogado.net\/wp20230605\/?page_id=29"},"modified":"2024-01-29T19:30:07","modified_gmt":"2024-01-29T19:30:07","slug":"kontakt","status":"publish","type":"page","link":"http:\/\/mvpfahlheim.de\/?page_id=29","title":{"rendered":"Kontakt"},"content":{"rendered":"\n<figure class=\"wp-block-table\"><table><tbody><tr><td>Wir freuen uns \u00fcber Ihr Interesse an unserer Musik und stehen gerne f\u00fcr Fragen und Buchungsanfragen zur Verf\u00fcgung. Sie erreichen uns \u00fcber nachfolgende E-Mail Adressen: <br><br><a href=\"info@mvpfahlheim.de\">info@mvpfahlheim.de<br><\/a><a href=\"mailto:vorstand@mvpfahlheim.de\">vorstand@mvpfahlheim.de<\/a><br><br><\/td><td><\/td><td><\/td><\/tr><\/tbody><\/table><\/figure>\n","protected":false},"excerpt":{"rendered":"<p>Wir freuen uns \u00fcber Ihr Interesse an unserer Musik und stehen gerne f\u00fcr Fragen und Buchungsanfragen zur Verf\u00fcgung. Sie erreichen uns \u00fcber nachfolgende E-Mail Adressen: info@mvpfahlheim.devorstand@mvpfahlheim.de<\/p>\n","protected":false},"author":1,"featured_media":0,"parent":0,"menu_order":0,"comment_status":"closed","ping_status":"closed","template":"","meta":{"footnotes":""},"class_list":["post-29","page","type-page","status-publish","hentry"],"_links":{"self":[{"href":"http:\/\/mvpfahlheim.de\/index.php?rest_route=\/wp\/v2\/pages\/29","targetHints":{"allow":["GET"]}}],"collection":[{"href":"http:\/\/mvpfahlheim.de\/index.php?rest_route=\/wp\/v2\/pages"}],"about":[{"href":"http:\/\/mvpfahlheim.de\/index.php?rest_route=\/wp\/v2\/types\/page"}],"author":[{"embeddable":true,"href":"http:\/\/mvpfahlheim.de\/index.php?rest_route=\/wp\/v2\/users\/1"}],"replies":[{"embeddable":true,"href":"http:\/\/mvpfahlheim.de\/index.php?rest_route=%2Fwp%2Fv2%2Fcomments&post=29"}],"version-history":[{"count":5,"href":"http:\/\/mvpfahlheim.de\/index.php?rest_route=\/wp\/v2\/pages\/29\/revisions"}],"predecessor-version":[{"id":170,"href":"http:\/\/mvpfahlheim.de\/index.php?rest_route=\/wp\/v2\/pages\/29\/revisions\/170"}],"wp:attachment":[{"href":"http:\/\/mvpfahlheim.de\/index.php?rest_route=%2Fwp%2Fv2%2Fmedia&parent=29"}],"curies":[{"name":"wp","href":"https:\/\/api.w.org\/{rel}","templated":true}]}}

<figure class="wp-block-table"><table><tbody><tr><td>Wir freuen uns über Ihr Interesse an unserer Musik und stehen gerne für Fragen und Buchungsanfragen zur Verfügung. Sie erreichen uns über nachfolgende E-Mail Adressen: <br><br><a href="info@mvpfahlheim.de">info@mvpfahlheim.de<br></a><a href="mailto:vorstand@mvpfahlheim.de">vorstand@mvpfahlheim.de</a><br><br></td><td></td><td></td></tr></tbody></table></figure>

<p>Wir freuen uns über Ihr Interesse an unserer Musik und stehen gerne für Fragen und Buchungsanfragen zur Verfügung. Sie erreichen uns über nachfolgende E-Mail Adressen: info@mvpfahlheim.devorstand@mvpfahlheim.de</p>
