{"id":15,"date":"2023-09-08T20:52:22","date_gmt":"2023-09-08T20:52:22","guid":{"rendered":"http:\/\/h562762.web290.dogado.net\/wp20230605\/?page_id=15"},"modified":"2024-07-08T19:07:44","modified_gmt":"2024-07-08T19:07:44","slug":"trachtenkapelle","status":"publish","type":"page","link":"http:\/\/mvpfahlheim.de\/?page_id=15","title":{"rendered":"Trachtenkapelle"},"content":{"rendered":"\n<figure class=\"wp-block-gallery has-nested-images columns-default is-cropped wp-block-gallery-1 is-layout-flex wp-block-gallery-is-layout-flex\">\n<figure class=\"wp-block-image size-large\"><img loading=\"lazy\" decoding=\"async\" width=\"1024\" height=\"488\" data-id=\"219\" src=\"https:\/\/mvpfahlheim.de\/wp-content\/uploads\/2024\/07\/trachtenkapelle-pfahlheim-5-1-2-1024x488.jpg\" alt=\"\" class=\"wp-image-219\" srcset=\"http:\/\/mvpfahlheim.de\/wp-content\/uploads\/2024\/07\/trachtenkapelle-pfahlheim-5-1-2-1024x488.jpg 1024w, http:\/\/mvpfahlheim.de\/wp-content\/uploads\/2024\/07\/trachtenkapelle-pfahlheim-5-1-2-300x143.jpg 300w, http:\/\/mvpfahlheim.de\/wp-content\/uploads\/2024\/07\/trachtenkapelle-pfahlheim-5-1-2-768x366.jpg 768w, http:\/\/mvpfahlheim.de\/wp-content\/uploads\/2024\/07\/trachtenkapelle-pfahlheim-5-1-2-1536x733.jpg 1536w, http:\/\/mvpfahlheim.de\/wp-content\/uploads\/2024\/07\/trachtenkapelle-pfahlheim-5-1-2-2048x977.jpg 2048w\" sizes=\"auto, (max-width: 767px) 89vw, (max-width: 1000px) 54vw, (max-width: 1071px) 543px, 580px\" \/><\/figure>\n<\/figure>\n\n\n\n<p><br>Die Trachtenkapelle besteht derzeit aus 50 aktiven Musikerinnen und Musikern, die von Bernd Essig als Dirigent angef\u00fchrt werden. Wir sind der Stimmungsgarant in jedem Festzelt. Selbstverst\u00e4ndlich treten wir auf den Gemeindefesten von Pfahlheim auf, sei es bei kulturellen oder kirchlichen Feierlichkeiten. Unser Programm umfasst eine Bandbreite von traditioneller Blasmusik \u00fcber Marsch- und Unterhaltungsmusik bis hin zu flotter Tanz- und Stimmungsmusik. In unserer Geschichte k\u00f6nnen wir auf zahlreiche Auftritte im In- und Ausland zur\u00fcckblicken. Zudem nehmen wir regelm\u00e4\u00dfig am gro\u00dfen Trachten- und Sch\u00fctzenzug (Oktoberfest) in M\u00fcnchen teil.<\/p>\n\n\n\n<p>Ein j\u00e4hrliches Highlight ist unser Konzert im November in der Kastellhalle Pfahlheim. Hier pr\u00e4sentieren unsere Musikerinnen und Musiker ihr K\u00f6nnen und bieten erstklassige Konzertst\u00fccke und M\u00e4rsche dar.<\/p>\n","protected":false},"excerpt":{"rendered":"<p>Die Trachtenkapelle besteht derzeit aus 50 aktiven Musikerinnen und Musikern, die von Bernd Essig als Dirigent angef\u00fchrt werden. Wir sind der Stimmungsgarant in jedem Festzelt. Selbstverst\u00e4ndlich treten wir auf den Gemeindefesten von Pfahlheim auf, sei es bei kulturellen oder kirchlichen Feierlichkeiten. Unser Programm umfasst eine Bandbreite von traditioneller Blasmusik \u00fcber Marsch- und Unterhaltungsmusik bis hin &hellip; <\/p>\n<p class=\"link-more\"><a href=\"http:\/\/mvpfahlheim.de\/?page_id=15\" class=\"more-link\"><span class=\"screen-reader-text\">\u201eTrachtenkapelle\u201c<\/span> weiterlesen<\/a><\/p>\n","protected":false},"author":1,"featured_media":0,"parent":0,"menu_order":0,"comment_status":"closed","ping_status":"closed","template":"","meta":{"footnotes":""},"class_list":["post-15","page","type-page","status-publish","hentry"],"_links":{"self":[{"href":"http:\/\/mvpfahlheim.de\/index.php?rest_route=\/wp\/v2\/pages\/15","targetHints":{"allow":["GET"]}}],"collection":[{"href":"http:\/\/mvpfahlheim.de\/index.php?rest_route=\/wp\/v2\/pages"}],"about":[{"href":"http:\/\/mvpfahlheim.de\/index.php?rest_route=\/wp\/v2\/types\/page"}],"author":[{"embeddable":true,"href":"http:\/\/mvpfahlheim.de\/index.php?rest_route=\/wp\/v2\/users\/1"}],"replies":[{"embeddable":true,"href":"http:\/\/mvpfahlheim.de\/index.php?rest_route=%2Fwp%2Fv2%2Fcomments&post=15"}],"version-history":[{"count":11,"href":"http:\/\/mvpfahlheim.de\/index.php?rest_route=\/wp\/v2\/pages\/15\/revisions"}],"predecessor-version":[{"id":224,"href":"http:\/\/mvpfahlheim.de\/index.php?rest_route=\/wp\/v2\/pages\/15\/revisions\/224"}],"wp:attachment":[{"href":"http:\/\/mvpfahlheim.de\/index.php?rest_route=%2Fwp%2Fv2%2Fmedia&parent=15"}],"curies":[{"name":"wp","href":"https:\/\/api.w.org\/{rel}","templated":true}]}}

<figure class="wp-block-gallery has-nested-images columns-default is-cropped wp-block-gallery-1 is-layout-flex wp-block-gallery-is-layout-flex">
<figure class="wp-block-image size-large"><img loading="lazy" decoding="async" width="1024" height="488" data-id="219" src="https://mvpfahlheim.de/wp-content/uploads/2024/07/trachtenkapelle-pfahlheim-5-1-2-1024x488.jpg" alt="" class="wp-image-219" srcset="http://mvpfahlheim.de/wp-content/uploads/2024/07/trachtenkapelle-pfahlheim-5-1-2-1024x488.jpg 1024w, http://mvpfahlheim.de/wp-content/uploads/2024/07/trachtenkapelle-pfahlheim-5-1-2-300x143.jpg 300w, http://mvpfahlheim.de/wp-content/uploads/2024/07/trachtenkapelle-pfahlheim-5-1-2-768x366.jpg 768w, http://mvpfahlheim.de/wp-content/uploads/2024/07/trachtenkapelle-pfahlheim-5-1-2-1536x733.jpg 1536w, http://mvpfahlheim.de/wp-content/uploads/2024/07/trachtenkapelle-pfahlheim-5-1-2-2048x977.jpg 2048w" sizes="auto, (max-width: 767px) 89vw, (max-width: 1000px) 54vw, (max-width: 1071px) 543px, 580px" /></figure>
</figure>



<p><br>Die Trachtenkapelle besteht derzeit aus 50 aktiven Musikerinnen und Musikern, die von Bernd Essig als Dirigent angeführt werden. Wir sind der Stimmungsgarant in jedem Festzelt. Selbstverständlich treten wir auf den Gemeindefesten von Pfahlheim auf, sei es bei kulturellen oder kirchlichen Feierlichkeiten. Unser Programm umfasst eine Bandbreite von traditioneller Blasmusik über Marsch- und Unterhaltungsmusik bis hin zu flotter Tanz- und Stimmungsmusik. In unserer Geschichte können wir auf zahlreiche Auftritte im In- und Ausland zurückblicken. Zudem nehmen wir regelmäßig am großen Trachten- und Schützenzug (Oktoberfest) in München teil.</p>



<p>Ein jährliches Highlight ist unser Konzert im November in der Kastellhalle Pfahlheim. Hier präsentieren unsere Musikerinnen und Musiker ihr Können und bieten erstklassige Konzertstücke und Märsche dar.</p>

<p>Die Trachtenkapelle besteht derzeit aus 50 aktiven Musikerinnen und Musikern, die von Bernd Essig als Dirigent angeführt werden. Wir sind der Stimmungsgarant in jedem Festzelt. Selbstverständlich treten wir auf den Gemeindefesten von Pfahlheim auf, sei es bei kulturellen oder kirchlichen Feierlichkeiten. Unser Programm umfasst eine Bandbreite von traditioneller Blasmusik über Marsch- und Unterhaltungsmusik bis hin &hellip; </p>
<p class="link-more"><a href="http://mvpfahlheim.de/?page_id=15" class="more-link"><span class="screen-reader-text">„Trachtenkapelle“</span> weiterlesen</a></p>
